{"id":84,"date":"2023-12-24T16:41:36","date_gmt":"2023-12-24T15:41:36","guid":{"rendered":"https:\/\/loxoneworks.cz\/?post_type=product&#038;p=84"},"modified":"2026-03-10T09:26:28","modified_gmt":"2026-03-10T08:26:28","slug":"weidmuller-radova-svorka-prv8-bl-35x7-5-rt-ws","status":"publish","type":"product","link":"https:\/\/loxoneworks.cz\/?product=weidmuller-radova-svorka-prv8-bl-35x7-5-rt-ws","title":{"rendered":"Weidm\u00fcller \u0159adov\u00e1 svorka PRV8 BL 35X7.5 RT\/WS"},"content":{"rendered":"<p>\u0158adov\u00e1 svorka na &#8222;n\u00edzkou&#8220; DIN li\u0161tu (7,5 mm)<\/p>\n<p>Push in svorky &#8211;\u00a0 1,5 mm2 max. pr\u016f\u0159ez vodi\u010de &#8211; 8 p\u00f3l\u016f &#8211; ka\u017ed\u00fd p\u00f3l 4 pozice<\/p>\n<p>Modr\u00e1 barva, 4 svorky \u010derven\u00e9, 4 b\u00edl\u00e9<\/p>\n<p><a href=\"https:\/\/catalog.weidmueller.com\/catalog\/Start.do?ObjectID=1267840000&amp;_gl=1*1czj23f*_ga*NTcxNjczMDY0LjE3MDM0MjkzNzc.*_ga_2GB1EDPNVR*MTcwMzQzMjY1NC4yLjEuMTcwMzQzMjY3OS4wLjAuMA..&amp;_ga=2.43010597.1807122729.1703429378-571673064.1703429377\" target=\"_blank\" rel=\"noopener\">Odkaz na produkt v katalogu v\u00fdrobce<\/a>:<\/p>\n<p>Z osobn\u00ed zku\u0161enosti, i p\u0159es vy\u0161\u0161\u00ed cenu, jednozna\u010dn\u011b doporu\u010duji. O mnoho spolehliv\u011bj\u0161\u00ed a lep\u0161\u00ed ne\u017e Krone svorkovnice, zejm\u00e9na pro kabely kategorie 6A a 7. Krone svorky n\u00e1hodn\u011b nepro\u0159\u00edznou izolaci u t\u011bchto vy\u0161\u0161\u00edch (siln\u011bj\u0161\u00edch) kabel\u016f a pak hled\u00e1te &#8222;z\u00e1vadu&#8220; p\u016fl dne, proto\u017ee opticky se v\u0161e tv\u00e1\u0159\u00ed OK. Nav\u00edc je to i rozbo\u010den\u00ed (nejen propojen\u00ed) sign\u00e1l\u016f, proto\u017ee ka\u017ed\u00fd p\u00f3l umo\u017e\u0148uje p\u0159ipojen\u00ed a\u017e 4 vodi\u010d\u016f 1,5 mm2. Ide\u00e1ln\u00ed pro Tree a jin\u00e9 sb\u011brnice, \u0161et\u0159\u00ed pou\u017eit\u00ed dal\u0161\u00edch rozbo\u010dovac\u00edch svorek.<\/p>\n","protected":false},"excerpt":{"rendered":"<p>V\u00edcep\u00f3lov\u00e1 \u0159adov\u00e1 svorka Weidm\u00fcller. Bezpe\u010dn\u00e1 n\u00e1hrada Krone svorkovnic pro modern\u00ed kabel\u00e1\u017ee kategorie 6A a 7.<\/p>\n","protected":false},"featured_media":85,"template":"","meta":{"om_disable_all_campaigns":false,"_monsterinsights_skip_tracking":false,"_monsterinsights_sitenote_active":false,"_monsterinsights_sitenote_note":"","_monsterinsights_sitenote_category":0},"product_brand":[],"product_cat":[26],"product_tag":[24],"class_list":{"0":"post-84","1":"product","2":"type-product","3":"status-publish","4":"has-post-thumbnail","6":"product_cat-weidmuller","7":"product_tag-radova-svorka","9":"first","10":"instock","11":"taxable","12":"shipping-taxable","13":"purchasable","14":"product-type-simple"},"_links":{"self":[{"href":"https:\/\/loxoneworks.cz\/index.php?rest_route=\/wp\/v2\/product\/84","targetHints":{"allow":["GET"]}}],"collection":[{"href":"https:\/\/loxoneworks.cz\/index.php?rest_route=\/wp\/v2\/product"}],"about":[{"href":"https:\/\/loxoneworks.cz\/index.php?rest_route=\/wp\/v2\/types\/product"}],"wp:featuredmedia":[{"embeddable":true,"href":"https:\/\/loxoneworks.cz\/index.php?rest_route=\/wp\/v2\/media\/85"}],"wp:attachment":[{"href":"https:\/\/loxoneworks.cz\/index.php?rest_route=%2Fwp%2Fv2%2Fmedia&parent=84"}],"wp:term":[{"taxonomy":"product_brand","embeddable":true,"href":"https:\/\/loxoneworks.cz\/index.php?rest_route=%2Fwp%2Fv2%2Fproduct_brand&post=84"},{"taxonomy":"product_cat","embeddable":true,"href":"https:\/\/loxoneworks.cz\/index.php?rest_route=%2Fwp%2Fv2%2Fproduct_cat&post=84"},{"taxonomy":"product_tag","embeddable":true,"href":"https:\/\/loxoneworks.cz\/index.php?rest_route=%2Fwp%2Fv2%2Fproduct_tag&post=84"}],"curies":[{"name":"wp","href":"https:\/\/api.w.org\/{rel}","templated":true}]}}