{"id":71,"date":"2023-12-24T15:51:06","date_gmt":"2023-12-24T14:51:06","guid":{"rendered":"https:\/\/loxoneworks.cz\/?post_type=product&#038;p=71"},"modified":"2026-03-10T09:34:04","modified_gmt":"2026-03-10T08:34:04","slug":"weidmuller-radova-svorka-a4c-25","status":"publish","type":"product","link":"https:\/\/loxoneworks.cz\/?product=weidmuller-radova-svorka-a4c-25","title":{"rendered":"Weidm\u00fcller \u0159adov\u00e1 svorka A4C 2,5 r\u016fzn\u00e9 barvy"},"content":{"rendered":"<p>Pr\u016fchoz\u00ed \u0159adov\u00e1 svorka<\/p>\n<p>Push in svorky pro 4 vodi\u010de &#8211;\u00a0 2,5 mm2 max. pr\u016f\u0159ez vodi\u010de &#8211; mo\u017enost spojovat do s\u00e9rie h\u0159ebeny mimo push-in svorky.<\/p>\n<p>R\u016fzn\u00e9 barevn\u00e9 proveden\u00ed.<\/p>\n<p><strong>B\u00e9\u017eov\u00e1 a sv\u011btle modr\u00e1 za ak\u010dn\u00ed cenu.<\/strong><\/p>\n<p><a href=\"https:\/\/catalog.weidmueller.com\/catalog\/Start.do?ObjectID=2799160000&amp;_gl=1*38xb6n*_ga*NTcxNjczMDY0LjE3MDM0MjkzNzc.*_ga_2GB1EDPNVR*MTcwMzQyOTM3Ny4xLjEuMTcwMzQyOTQzNC4wLjAuMA..&amp;_ga=2.250236294.1807122729.1703429378-571673064.1703429377\">Odkaz na produkt v Katalogu v\u00fdrobce<\/a><\/p>\n","protected":false},"excerpt":{"rendered":"<p>Push in svorky pro 4 vodi\u010de &#8211;\u00a0 2,5 mm2 max. pr\u016f\u0159ez vodi\u010de &#8211; mo\u017enost spojovat do s\u00e9rie h\u0159ebeny mimo push-in svorky.<\/p>\n","protected":false},"featured_media":72,"template":"","meta":{"om_disable_all_campaigns":false,"_monsterinsights_skip_tracking":false,"_monsterinsights_sitenote_active":false,"_monsterinsights_sitenote_note":"","_monsterinsights_sitenote_category":0},"product_brand":[],"product_cat":[26],"product_tag":[24],"class_list":{"0":"post-71","1":"product","2":"type-product","3":"status-publish","4":"has-post-thumbnail","6":"product_cat-weidmuller","7":"product_tag-radova-svorka","9":"first","10":"instock","11":"sale","12":"taxable","13":"shipping-taxable","14":"purchasable","15":"product-type-variable","16":"has-default-attributes"},"_links":{"self":[{"href":"https:\/\/loxoneworks.cz\/index.php?rest_route=\/wp\/v2\/product\/71","targetHints":{"allow":["GET"]}}],"collection":[{"href":"https:\/\/loxoneworks.cz\/index.php?rest_route=\/wp\/v2\/product"}],"about":[{"href":"https:\/\/loxoneworks.cz\/index.php?rest_route=\/wp\/v2\/types\/product"}],"wp:featuredmedia":[{"embeddable":true,"href":"https:\/\/loxoneworks.cz\/index.php?rest_route=\/wp\/v2\/media\/72"}],"wp:attachment":[{"href":"https:\/\/loxoneworks.cz\/index.php?rest_route=%2Fwp%2Fv2%2Fmedia&parent=71"}],"wp:term":[{"taxonomy":"product_brand","embeddable":true,"href":"https:\/\/loxoneworks.cz\/index.php?rest_route=%2Fwp%2Fv2%2Fproduct_brand&post=71"},{"taxonomy":"product_cat","embeddable":true,"href":"https:\/\/loxoneworks.cz\/index.php?rest_route=%2Fwp%2Fv2%2Fproduct_cat&post=71"},{"taxonomy":"product_tag","embeddable":true,"href":"https:\/\/loxoneworks.cz\/index.php?rest_route=%2Fwp%2Fv2%2Fproduct_tag&post=71"}],"curies":[{"name":"wp","href":"https:\/\/api.w.org\/{rel}","templated":true}]}}