{"id":703,"date":"2025-07-20T10:15:11","date_gmt":"2025-07-20T09:15:11","guid":{"rendered":"https:\/\/loxoneworks.cz\/?post_type=product&#038;p=703"},"modified":"2025-07-20T10:29:17","modified_gmt":"2025-07-20T09:29:17","slug":"weidmuller-radova-svorka-a2t-25-ruzne-barvy","status":"publish","type":"product","link":"https:\/\/loxoneworks.cz\/?product=weidmuller-radova-svorka-a2t-25-ruzne-barvy","title":{"rendered":"Weidm\u00fcller \u0159adov\u00e1 svorka A2T 2,5 r\u016fzn\u00e9 barvy"},"content":{"rendered":"<p>Pr\u016fchoz\u00ed \u0159adov\u00e1 svorka<\/p>\n<p>Push in svorky pro 2 x 2 vodi\u010de &#8211;\u00a0 2,5 mm2 max. pr\u016f\u0159ez vodi\u010de &#8211; mo\u017enost spojovat do s\u00e9rie h\u0159ebeny mimo push-in svorky.<\/p>\n<p>R\u016fzn\u00e9 barevn\u00e9 proveden\u00ed.<\/p>\n<p><a href=\"https:\/\/eshop.weidmueller.com\/cs\/a2t-2-5\/p\/1547610000\">Odkaz na produkt v Katalogu v\u00fdrobce<\/a><\/p>\n","protected":false},"excerpt":{"rendered":"<p>Push in svorky pro 2 x 2 vodi\u010de &#8211;\u00a0 2,5 mm2 max. pr\u016f\u0159ez vodi\u010de &#8211; mo\u017enost spojovat do s\u00e9rie h\u0159ebeny mimo push-in svorky.<\/p>\n<p>Ide\u00e1ln\u00ed pro p\u0159ipojen\u00ed nap\u0159. stm\u00edvateln\u00fdch sv\u011btel 24V p\u0159es Loxone RGBW dimmer &#8211; viz galerie.<\/p>\n","protected":false},"featured_media":709,"template":"","meta":{"om_disable_all_campaigns":false,"_monsterinsights_skip_tracking":false,"_monsterinsights_sitenote_active":false,"_monsterinsights_sitenote_note":"","_monsterinsights_sitenote_category":0},"product_brand":[],"product_cat":[26],"product_tag":[24],"class_list":{"0":"post-703","1":"product","2":"type-product","3":"status-publish","4":"has-post-thumbnail","6":"product_cat-weidmuller","7":"product_tag-radova-svorka","9":"first","10":"instock","11":"taxable","12":"shipping-taxable","13":"purchasable","14":"product-type-variable","15":"has-default-attributes"},"_links":{"self":[{"href":"https:\/\/loxoneworks.cz\/index.php?rest_route=\/wp\/v2\/product\/703","targetHints":{"allow":["GET"]}}],"collection":[{"href":"https:\/\/loxoneworks.cz\/index.php?rest_route=\/wp\/v2\/product"}],"about":[{"href":"https:\/\/loxoneworks.cz\/index.php?rest_route=\/wp\/v2\/types\/product"}],"wp:featuredmedia":[{"embeddable":true,"href":"https:\/\/loxoneworks.cz\/index.php?rest_route=\/wp\/v2\/media\/709"}],"wp:attachment":[{"href":"https:\/\/loxoneworks.cz\/index.php?rest_route=%2Fwp%2Fv2%2Fmedia&parent=703"}],"wp:term":[{"taxonomy":"product_brand","embeddable":true,"href":"https:\/\/loxoneworks.cz\/index.php?rest_route=%2Fwp%2Fv2%2Fproduct_brand&post=703"},{"taxonomy":"product_cat","embeddable":true,"href":"https:\/\/loxoneworks.cz\/index.php?rest_route=%2Fwp%2Fv2%2Fproduct_cat&post=703"},{"taxonomy":"product_tag","embeddable":true,"href":"https:\/\/loxoneworks.cz\/index.php?rest_route=%2Fwp%2Fv2%2Fproduct_tag&post=703"}],"curies":[{"name":"wp","href":"https:\/\/api.w.org\/{rel}","templated":true}]}}