{"id":546,"date":"2025-03-15T09:53:35","date_gmt":"2025-03-15T08:53:35","guid":{"rendered":"https:\/\/loxoneworks.cz\/?post_type=product&#038;p=546"},"modified":"2025-03-15T10:00:40","modified_gmt":"2025-03-15T09:00:40","slug":"loxone-modbus-extension","status":"publish","type":"product","link":"https:\/\/loxoneworks.cz\/?product=loxone-modbus-extension","title":{"rendered":"Loxone Modbus Extension"},"content":{"rendered":"<p>Nativn\u00ed Loxone Modbus RTU rozhran\u00ed<\/p>\n<p>Podrobn\u00fd popis viz <a href=\"https:\/\/shop.loxone.com\/cscz\/product\/100124-modbus-extension\" target=\"_blank\" rel=\"noopener\">str\u00e1nky v\u00fdrobce<\/a>.<\/p>\n<p>P\u0159\u00edpadn\u00fd slevov\u00fd kupon nutno p\u0159idat do pozn\u00e1mky p\u0159i objedn\u00e1vce.<\/p>\n","protected":false},"excerpt":{"rendered":"<p>Nativn\u00ed Loxone Modbus RTU rozhran\u00ed Podrobn\u00fd popis viz str\u00e1nky v\u00fdrobce. P\u0159\u00edpadn\u00fd slevov\u00fd kupon nutno p\u0159idat do pozn\u00e1mky p\u0159i objedn\u00e1vce.<\/p>\n","protected":false},"featured_media":547,"template":"","meta":{"om_disable_all_campaigns":false,"_monsterinsights_skip_tracking":false,"_monsterinsights_sitenote_active":false,"_monsterinsights_sitenote_note":"","_monsterinsights_sitenote_category":0},"product_brand":[],"product_cat":[70],"product_tag":[55,66,67],"class_list":{"0":"post-546","1":"product","2":"type-product","3":"status-publish","4":"has-post-thumbnail","6":"product_cat-loxone-komponenty","7":"product_tag-din-lista","8":"product_tag-mereni-ee","9":"product_tag-modbus","11":"first","12":"instock","13":"taxable","14":"shipping-taxable","15":"purchasable","16":"product-type-simple"},"_links":{"self":[{"href":"https:\/\/loxoneworks.cz\/index.php?rest_route=\/wp\/v2\/product\/546","targetHints":{"allow":["GET"]}}],"collection":[{"href":"https:\/\/loxoneworks.cz\/index.php?rest_route=\/wp\/v2\/product"}],"about":[{"href":"https:\/\/loxoneworks.cz\/index.php?rest_route=\/wp\/v2\/types\/product"}],"wp:featuredmedia":[{"embeddable":true,"href":"https:\/\/loxoneworks.cz\/index.php?rest_route=\/wp\/v2\/media\/547"}],"wp:attachment":[{"href":"https:\/\/loxoneworks.cz\/index.php?rest_route=%2Fwp%2Fv2%2Fmedia&parent=546"}],"wp:term":[{"taxonomy":"product_brand","embeddable":true,"href":"https:\/\/loxoneworks.cz\/index.php?rest_route=%2Fwp%2Fv2%2Fproduct_brand&post=546"},{"taxonomy":"product_cat","embeddable":true,"href":"https:\/\/loxoneworks.cz\/index.php?rest_route=%2Fwp%2Fv2%2Fproduct_cat&post=546"},{"taxonomy":"product_tag","embeddable":true,"href":"https:\/\/loxoneworks.cz\/index.php?rest_route=%2Fwp%2Fv2%2Fproduct_tag&post=546"}],"curies":[{"name":"wp","href":"https:\/\/api.w.org\/{rel}","templated":true}]}}