{"id":356,"date":"2024-02-14T07:48:55","date_gmt":"2024-02-14T06:48:55","guid":{"rendered":"https:\/\/loxoneworks.cz\/?post_type=product&#038;p=356"},"modified":"2024-02-14T08:01:37","modified_gmt":"2024-02-14T07:01:37","slug":"patice-rele-te-schrack-rt78725","status":"publish","type":"product","link":"https:\/\/loxoneworks.cz\/?product=patice-rele-te-schrack-rt78725","title":{"rendered":"Patice rel\u00e9 TE\/Schrack RT78725"},"content":{"rendered":"<p>Patice rel\u00e9 na DIN li\u0161tu, 16A\/250V<\/p>\n<p>rel\u00e9 na obr\u00e1zku nen\u00ed sou\u010d\u00e1st\u00ed produktu<\/p>\n<p><a href=\"https:\/\/www.schrack.cz\/eshop\/patice-rt-xt-5mm-pro-ym-modul-rt78725.html\" target=\"_blank\" rel=\"noopener\">podrobn\u00e9 parametry viz str\u00e1nka v\u00fdrobce<\/a><\/p>\n","protected":false},"excerpt":{"rendered":"<p>Patice rel\u00e9 na DIN li\u0161tu, 16A\/250V<\/p>\n","protected":false},"featured_media":354,"template":"","meta":{"om_disable_all_campaigns":false,"_monsterinsights_skip_tracking":false,"_monsterinsights_sitenote_active":false,"_monsterinsights_sitenote_note":"","_monsterinsights_sitenote_category":0},"product_brand":[],"product_cat":[52],"product_tag":[55,56,54,53],"class_list":{"0":"post-356","1":"product","2":"type-product","3":"status-publish","4":"has-post-thumbnail","6":"product_cat-rele-a-patice","7":"product_tag-din-lista","8":"product_tag-inrush","9":"product_tag-patice","10":"product_tag-rele","12":"first","13":"instock","14":"taxable","15":"shipping-taxable","16":"purchasable","17":"product-type-simple"},"_links":{"self":[{"href":"https:\/\/loxoneworks.cz\/index.php?rest_route=\/wp\/v2\/product\/356","targetHints":{"allow":["GET"]}}],"collection":[{"href":"https:\/\/loxoneworks.cz\/index.php?rest_route=\/wp\/v2\/product"}],"about":[{"href":"https:\/\/loxoneworks.cz\/index.php?rest_route=\/wp\/v2\/types\/product"}],"wp:featuredmedia":[{"embeddable":true,"href":"https:\/\/loxoneworks.cz\/index.php?rest_route=\/wp\/v2\/media\/354"}],"wp:attachment":[{"href":"https:\/\/loxoneworks.cz\/index.php?rest_route=%2Fwp%2Fv2%2Fmedia&parent=356"}],"wp:term":[{"taxonomy":"product_brand","embeddable":true,"href":"https:\/\/loxoneworks.cz\/index.php?rest_route=%2Fwp%2Fv2%2Fproduct_brand&post=356"},{"taxonomy":"product_cat","embeddable":true,"href":"https:\/\/loxoneworks.cz\/index.php?rest_route=%2Fwp%2Fv2%2Fproduct_cat&post=356"},{"taxonomy":"product_tag","embeddable":true,"href":"https:\/\/loxoneworks.cz\/index.php?rest_route=%2Fwp%2Fv2%2Fproduct_tag&post=356"}],"curies":[{"name":"wp","href":"https:\/\/api.w.org\/{rel}","templated":true}]}}